*k**3 - 4 - 22*k**3 + 38*k**3. What is x(n)?
-14
Let r(k) = -2*k + 5*k**2 - 5*k**2 - k**3 + 2*k**2 + 3*k. What is r(-1)?
2
Let v(w) = w + 4. Let a be 6/(-10) - (-8)/(-20). Let x(p) = 4 - 1 - 2. Let d(f) = a*v(f) + 5*x(f). What is d(4)?
-3
Let t = 58 - 54. Let u(q) = q**2 - 4*q. Calculate u(t).
0
Let g(k) = -k**2 - 5*k + 2. Let b = -13 - -15. Suppose 30 = b*q - 7*q. Calculate g(q).
-4
Let p(c) = -c**2 - c - 2. Let x be (-77)/(-22)*4/7. Calculate p(x).
-8
Let s(x) be the third derivative of -x**6/60 + x**5/15 - x**4/6 + x**3/3 + 3*x**2. Let m be s(2). Let c(n) = -n**2 - 4*n + 7. Calculate c(m).
-5
Let v = -19 - -23. Let o(c) = c**2 - 4*c + 5. Give o(v).
5
Let r(s) be the third derivative of s**4/24 + s**3/6 - 20*s**2. Calculate r(7).
8
Let s(v) = 5*v**3 + v**2 + 2*v + 1. Let c be (235/(-35) - -7) + (-18)/14. Give s(c).
-5
Let d(x) = -x - 1139 + 1139 - x**2. What is d(-4)?
-12
Let r(g) = -g**2 - g - 9. Let p be ((-21)/6 - 1)*2. Let i(q) = q + 6. Let k be i(p). Let d be (-1)/k + 5/(-15). What is r(d)?
-9
Let y(f) = f**3 + 5*f**2 + f + 1. Let c = 4 - -3. Suppose i = 2*x + 8, -4*x - 2*i + 11 = -c*x. Calculate y(x).
-4
Let a = -26 + 24. Let j(o) = -o**3 - 2*o**2 - 3*o - 3. Let v be j(a). Let r(h) = -h + 3. Calculate r(v).
0
Let m(g) = g**2 - g - 1. Let l(h) = h**3 - h**2 + 5*h + 2. Let i(v) = -l(v) - 4*m(v). What is i(-2)?
0
Let m(o) = 2*o + 11. Suppose 4*b = 2*g + 20, -1 = -3*b + 2. Give m(g).
-5
Let g(q) = -q**3 + 7*q**2 + q - 10. Suppose -7 = r - 2*r. Let p be g(r). Let v(n) = 1 - 2 + 3*n + 5 + 0*n. Calculate v(p).
-5
Let b be 2 + -3 - (-20)/4. Let v(j) = -j + b - 4*j**3 + 3*j**3 - j**3 + 3*j**3 - 6*j**2. Determine v(6).
-2
Let t(m) = -m**3 - m**2 + m + 1. Let v(q) = -5*q**3 - 2*q**2 + 2*q + 3. Let c(f) = -6*t(f) + v(f). What is c(-5)?
-8
Let d = -1 - -4. Let w(n) be the first derivative of 0*n**2 + 1/4*n**4 - n**3 + 2*n - 3. Give w(d).
2
Let s(m) = -2*m + 4. Let w be s(2). Let j(d) = -d + 10. Determine j(w).
10
Let v(h) = 4*h - 26 + 25 - 4*h - h**3 - 2*h**2. Calculate v(-3).
8
Let r(t) = -t**3 + t - 1. Let y(k) = -5*k**3 - 3*k**2 + k. Let i(a) = -6*r(a) + y(a). Let d(j) = j**3 + 4*j**2 - 7*j - 6. Let q be d(-5). Determine i(q).
2
Let y(g) = 29 + 5*g**2 + 0*g + 2*g**3 - 32 - 2*g - 2*g**2. Calculate y(-3).
-24
Suppose 8 = -2*d - 4*p, -4*p - 12 + 0 = 3*d. Let f(b) be the first derivative of -3/2*b**2 + 6 - 3*b. Calculate f(d).
9
Let h(s) be the second derivative of -4*s - 5/6*s**3 + 0 + 5*s**2 - 5/12*s**4. Let o(c) = -6*c**2 - 5*c + 11. Let u(p) = -5*h(p) + 4*o(p). What is u(-6)?
0
Let n(u) = -7*u**3 - 4*u**2 - 7 + u + 14*u**3 - u. Let c(y) = 7*y**3 - 3*y**2 - 6. Let b(t) = -6*c(t) + 5*n(t). What is b(-1)?
6
Let c(r) be the second derivative of 1/20*r**5 + 0 - 2/3*r**3 + 3/2*r**2 + 1/3*r**4 - r. Calculate c(-5).
-2
Suppose -2*q = -5*w + q + 12, w - 2*q = 1. Let c(u) = 16 - u**3 - w*u + 0*u**3 + 0*u**3 + 4*u**2 - 15. Determine c(2).
3
Let r be 60/14 - 8/28. Let k(m) = 0 - 4*m - m**2 + 3 + r*m. Calculate k(3).
-6
Let z(w) = w + 1. Let v(s) = -s**2 - 2*s - 3. Let u(a) = -v(a) - 2*z(a). What is u(-2)?
5
Let b(f) = f**2 - 8*f + 5. Let d = 31 + -25. Give b(d).
-7
Let g(i) be the second derivative of i - 2*i**2 - 2/3*i**3 + 0 - 1/20*i**5 - 1/3*i**4. Determine g(-3).
-1
Let o(d) be the third derivative of -11*d**6/120 + d**5/60 - d**4/24 - d**3/6 - 9*d**2. What is o(-1)?
12
Let m(u) = -5*u. Let i(n) = n**2 + 18*n + 22. Let y be i(-17). Suppose 3*x - 4*g = -y, -3*x + 4 = -g + 3. Calculate m(x).
-5
Let f(x) = x**2 + 3*x + 1. Let u(h) = 5*h**2 + 12*h + 3. Let w(n) = -9*f(n) + 2*u(n). What is w(3)?
-3
Let s(y) = 4 - y - 1 - 4*y + 4 - y**2. Give s(-5).
7
Suppose -u - 20 = -3*u. Suppose -24 = -5*s + 2*h, -5 - u = -5*h. Let i(t) = t + 2. Give i(s).
8
Let n(s) = s**2 + 6*s + 3. Let x be n(-3). Let j(h) be the first derivative of h**3/3 + 7*h**2/2 - h + 45. What is j(x)?
-7
Let l(p) = 11*p**2 - 15*p + 20. Let j(g) = 7*g**2 - 10*g + 13. Let c(o) = 8*j(o) - 5*l(o). What is c(4)?
0
Suppose -5*b - 52 = -72. Let z(i) = i - 3. Give z(b).
1
Let a(q) = -3*q + 1. Let m = -194 - -201. Give a(m).
-20
Suppose -2*i = -5*i + 9. Suppose 2*t - 18 = -3*z, 0 = -i*z - t + 5*t + 18. Let j(f) = -f**3 + 7*f**2 - 5*f - 2. Determine j(z).
4
Let r(b) = 4 + 19*b**2 - b - 5 + 2. What is r(1)?
19
Let u(s) = -s**3 + 5*s**2 - 2*s. Let d be -1*(-8 - (4 - 8)). Calculate u(d).
8
Let y be 1/(3/(-3)) - -8. Let j = -3 + y. Suppose -j*i - i = 20. Let a(x) = -x**3 - 4*x**2 - 2*x - 6. Determine a(i).
2
Suppose 24 = -3*y + 7*y. Suppose 4*w - 23 = -5*x, -x + y = -5*w + 13. Let f(g) = 6*g**2 + g. Let k(h) = h**2 + h. Let r(v) = f(v) - 5*k(v). Determine r(x).
-3
Let n(c) = c**2 - 5*c + 4. Let s(b) = -b**3 + 11*b**2 - 11*b + 14. Let l be s(10). Give n(l).
0
Let a(d) = 2*d - 10. Let c = -132 + 137. What is a(c)?
0
Let z(a) = 9*a**3 + a**2 + a. Let w be (3 + 0)*12/9. Suppose 5*x - w*v = -1, -3*x - 1 = x - 3*v. Determine z(x).
-9
Suppose 3*r + 3*y = r - 2, 0 = 4*r - 3*y - 14. Let m(x) = 15*x - 3. Calculate m(r).
27
Suppose -4*v - 2*d = -2*v - 6, -3*d + 8 = 2*v. Let a be (1 + 5 - 1)/v. Let r(s) be the first derivative of -s**4/4 + 5*s**3/3 - 6*s + 64. Give r(a).
-6
Let x(p) be the first derivative of p**2/2 - 2*p + 3. Suppose -5 = -0*s - 5*s. Let a be -4*((-2 - 0) + s). Determine x(a).
2
Suppose 2*n = 3*n + 5*t - 23, 4 = 4*n - 2*t. Let l(z) = -z**3 - n - 2*z + 2*z**2 - 2*z + 2 - 7*z**2. Let o(c) = c + 4. Let h be o(-7). Give l(h).
-7
Let a(k) be the second derivative of -1/2*k**3 + 1/20*k**5 + 3/2*k**2 + 2*k + 1/4*k**4 + 0. Give a(-4).
-1
Suppose -q + 5*q - 24 = 0. Suppose 0 = 4*m + 5 - 9. Let u(w) = 2*w - 5 - m + 1. Determine u(q).
7
Let n(w) = -1 - 3*w + 2*w - w + 3*w. What is n(3)?
2
Let f = -2 + 7. Let i(g) = g**3 + 4*g + 4*g**2 - f*g + 1 + 3*g. Calculate i(-2).
5
Let p(o) = o**2 + 3*o - 2. Let b = 18 + -8. Let s(c) = -c**2 + 9*c + 7. Let l be s(b). Determine p(l).
-2
Let j(t) = -8*t**3 + 2*t**2 - 2*t - 1. Let k(y) = -9*y**3 + 3*y**2 - 3*y - 1. Let a(s) = -3*j(s) + 2*k(s). What is a(-1)?
-5
Let m(z) be the first derivative of -z**3/3 + z**2 + z - 8. What is m(2)?
1
Let q(k) = 7*k**3 - 4*k**2 + 4*k - 3. Let n(m) = -m**2 - 4*m - 1 + 5*m + 0. Let x(h) = -2*n(h) + q(h). Let s = 0 + 1. Calculate x(s).
6
Let l(z) = 5*z + 1 - 6*z**2 + 0*z + 3*z**3 - 5 - 2*z**3. Determine l(5).
-4
Let o(v) = v**2 + v - 1. Let u(j) = -6*j**2 + 3*j. Let g(a) = -5*o(a) - u(a). What is g(5)?
-10
Let r = -10 + 12. Suppose -4*a + r*a = 0. Let c(k) = k - 3. Give c(a).
-3
Let x = -3 + 7. Let v(t) = -3*t**2 + 4*t - x + 5 + 2*t**2. Suppose 5 = 5*o - 5*r, 4*r = o + r + 5. Give v(o).
1
Let r(o) = 9*o**2 - o - 6*o**2 - 4*o**2. Suppose -k + 5 = -6*k. Let w = k + 0. Determine r(w).
0
Let n = -1 - -3. Let c(k) = 4*k**2 + n + 2 + k**3 - 2 - 6. Calculate c(-3).
5
Let z(b) be the second derivative of -b**5/20 - b**4/12 + b**3/6 + b**2 + 2*b. Suppose -3*c - 9 + 3 = 0. Let n be z(c). Let g(x) = -2*x + 4. What is g(n)?
-4
Let l(j) = 1 + 2*j + 2 + 1. Suppose -1 = -w - 2, -15 = -d + 3*w. Suppose -d = -6*s + 10*s. What is l(s)?
-2
Let v(j) = j**2 - 4*j + 6. Let c(l) be the second derivative of -l**4/6 + 2*l**3/3 - 3*l**2 - 4*l. Let d(s) = 2*c(s) + 3*v(s). What is d(-6)?
-6
Let z(u) = u + 2*u - u**3 - 2 - 1 + 3*u**2. Suppose -2*r - r - 5 = 4*q, 0 = -2*r + 4*q + 30. Suppose 0 = -r*b - 10, 5*b + 12 = 5*y - 4*y. Give z(y).
7
Suppose h - 2*h = 3. Let l be 2 - (4 + h - -3). Let p(j) = j + 1. Calculate p(l).
-1
Let p(c) = -c**3 + 3*c**2 + 2*c + 1. Let g(v) = -v**2 - 8*v - 6. Let d be g(-8). Let s be (1 + -2)/(2/d). Determine p(s).
7
Suppose 2 = g - 2. Suppose -g*a = -25 + 5. Suppose -4*f - 17 = -a*q, f + 0*q = -2*q - 1. Let n(w) = w**3 + 2*w**2 + 3. What is n(f)?
-6
Let l(d) = 5*d - 6. Let s(q) = -6*q + 6. Let k(f) = -5*l(f) - 4*s(f). Give k(6).
0
Let f(g) be the first derivative of -2*g**2 + 3*g + 2. What is f(2)?
-5
Let c(n) = 4*n - 56 + 60 - 6*n. What is c(-5)?
14
Let x(t) = -t**2 - 4*t. Let m(z) = -z**3 + 9*z**2 + 10*z + 5. Let i be m(10). Suppose -i = 2*g + 3. What is x(g)?
0
Let m(q) = 13*q**3 - 3*q**2 + 17*q + 15. Let o(p) = -6*p**3 + p**2 - 8*p - 7. Let v(f) = 4*m(f) + 9*o(f). What is v(-2)?
9
Let k(x) = -3 + 70*x**2 - 34*x**2 - 35*x**2 - x - 2. What is k(0)?
-5
Let c(x) = x**3 - 6*x**2 + 4*x + 1. Suppose -b + 26 = 5*f, 4*f + 0*b - 3*b = 17. Give c(f).